 f - -29. Suppose o = 8*a - 1696 + 160. What is the units digit of a?
2
Suppose -94*q + 98*q = -2*m - 1200, -4*q = 0. Let d = 329 - m. What is the units digit of d?
9
Let t = 43914 + -31199. What is the tens digit of t?
1
Suppose 0 = -5*u - t - 1071 - 158, 740 = -3*u + 2*t. Let p be (-12)/(-3) + u/(-3). Suppose 0 = 4*d + p - 362. What is the units digit of d?
9
Suppose -4*u + 2948 - 648 = 0. Suppose -2*l - 5*r + u + 188 = 0, 2*l = -4*r + 760. What is the hundreds digit of l?
3
Suppose -6*w = t - 419942, 60 - 80 = 5*t. What is the ten thousands digit of w?
6
Let k(m) be the first derivative of 7/2*m**2 - 9 + 2/3*m**3 - 18*m. What is the tens digit of k(-8)?
5
Suppose -1252*v = -1255*v + 130533. What is the ten thousands digit of v?
4
Let g be -4 - (18 + -13)/((-2)/(-74)). Let w = 491 + g. What is the units digit of w?
2
Let f(o) = 199*o**2 - 143*o + 2435. What is the hundreds digit of f(18)?
3
Suppose 0 = 4*k - 3*m + 1443 + 1247, 5*m - 664 = k. What is the hundreds digit of k/1*17/(-34)?
3
What is the thousands digit of (-6442 + -6)/8*(63/(-6) - -1)?
7
Let w = 2471 + -3995. Suppose 78*u + 217 = 63 - 470. What is the units digit of ((-33)/(-9) - 3)*w/u?
7
Let o be (-10)/15*(-9)/2. Suppose -379 = -o*a + 140. What is the tens digit of a?
7
Let r(f) = -212*f - 231. Let h be 0 - 12/(-36)*(-15 + 0). What is the hundreds digit of r(h)?
8
Let f be 2/(-3) + (-122)/6. Let s be f/(-14) - 23/2. What is the tens digit of (s/15)/(4/(-246))?
4
Let z(w) = -218*w - 705. What is the units digit of z(-16)?
3
Let a(o) = o**3 + 63*o**2 + 136*o + 276. What is the units digit of a(-58)?
8
Let d(n) = -249*n + 21334. What is the tens digit of d(-11)?
7
Suppose 2*a + 3 = x - 9, 0 = -5*a - 25. What is the units digit of x/(-15) + (-5)/(-225)*28761?
9
Let v(y) be the second derivative of y**4 - 16*y**3/3 + 25*y**2/2 - 13*y + 11. What is the units digit of v(10)?
5
Suppose -156*k = -161*k + 8460. What is the tens digit of k?
9
Let u(o) = 6*o + 13. Let z(w) be the first derivative of w**2/2 + w - 6. Let l(n) = -5*u(n) + 35*z(n). What is the units digit of l(19)?
5
Suppose 982*l - 1024024 = 906*l. What is the ten thousands digit of l?
1
Let q be (-3)/(-5) - ((-47)/5 - 0). Suppose 0 = -9*y + q - 82. What is the units digit of (780/16)/3 + 2/y?
6
What is the hundreds digit of (-9)/(99/5137)*-2?
9
Let m(o) = 29*o + 7. Let i(s) = 115*s + 26. Let a(x) = 2*i(x) - 9*m(x). What is the hundreds digit of a(-15)?
4
What is the units digit of 7381418/495 - (-4)/90?
2
Let o(c) = 1 - 2 - 2*c + 7*c**2 + c**3 + 5*c**3. Let s be (1 - -1) + (3/(-2))/((-39)/26). What is the tens digit of o(s)?
1
Let w(h) = h**3 - 8*h**2 + 12*h - 17. Let q be w(7). Let g be 3910/q + 1/(36/(-8)). Let k = -111 + g. What is the units digit of k?
6
Let c = 215 + -213. Suppose 0 = 2*w + c*x - 544, w + 2*x + 556 = 3*w. What is the tens digit of w?
7
Suppose 12*p = 2683 + 26441. What is the thousands digit of p?
2
Let u = -4 + 6. Let t = 132 - 109. Suppose -3*r = 2*r - 2*k - 33, -3*r = u*k - t. What is the units digit of r?
7
Suppose -r - 26 = -2*p, 0 = 8*p - r - 4*r - 106. Suppose -f + p*f - 484 = 0. What is the units digit of f?
4
Suppose -n = -f - 14, -f + 3*f + 13 = n. What is the hundreds digit of ((-220)/n)/((-4)/(71 + 1))?
2
Let b(m) = -m**3 - 17*m**2 + 4*m + 109. Suppose -4*g - h - 86 = 0, -4*g - 53 - 35 = 2*h. What is the tens digit of b(g)?
8
Let h(w) = 8*w**2 + 74*w + 5. What is the thousands digit of h(24)?
6
Suppose 0 = 5*b, -61970 = -5*l + b - 8040 + 1810. What is the tens digit of l?
4
Suppose 521*q - 4 = 525*q, 0 = t - 2*q - 36479. What is the units digit of t?
7
Let g(y) = 26*y - 15*y + 19 - y**3 - 26*y + 2*y**3 + 15*y**2. Let d be g(-16). Suppose d*a = 781 + 68. What is the tens digit of a?
8
Let o(v) = v**3 - 10*v**2 + 8*v + 9. Let u be 1*((-6)/15 - (-47)/5). Let f be o(u). Suppose h - 53 = 3*a, 4*h - a = -f*a + 190. What is the tens digit of h?
4
Suppose -4*c - 3*q - 58780 = -165561, c - q = 26683. What is the units digit of c?
0
Let q(o) = 2*o**3 - 5*o**2 + 4. Let t be q(2). Suppose 0 = -3*j - 3*c, -3*c + t*c = -j + 8. Suppose 0*u - 60 = -j*u. What is the units digit of u?
0
Suppose -10*i + 11*i = 0. Let x(h) = -3*h - 2*h**3 - 9*h**2 + 5 + 9*h + i + 0. What is the units digit of x(-6)?
7
Let h be (-1 - 2 - (7 - -3307)) + -2. Let l = -1906 - h. What is the units digit of l?
3
Suppose -42*m + 319579 = -556037. What is the hundreds digit of m?
8
Suppose -12*n = 2*s - 3*s - 40744, -3*n = -4*s - 10201. What is the thousands digit of n?
3
Suppose 365*q = 6693566 - 876196. What is the thousands digit of q?
5
Let l be 6*(-2 - 370/(-15)). Let r = -125 + l. What is the units digit of r?
1
Let o be 4/(-6) + (-152)/24. Let m = o + 12. Suppose -l + 0*l = 0, -4*g = m*l - 124. What is the units digit of g?
1
Let d be (58/8)/((-4)/(-16)). Suppose 4*k - 3*u = d, -5*k + 2*u = -2*u - 37. Suppose -929 = -5*p - 2*f, 3*f = -k*p - 501 + 1427. What is the tens digit of p?
8
Let a(o) = -2*o**2 - 11*o + 1. Let t be a(-5). Suppose 9*r - t*r = 663. What is the hundreds digit of r?
2
Let q = -51586 + 110079. What is the thousands digit of q?
8
What is the thousands digit of 2058/1 - (6 + -4)?
2
Let f(q) = 2*q**3 - 45*q**2 + 76*q + 84. What is the thousands digit of f(33)?
5
Suppose -17*u = -18*u + 3. Suppose 13*s = -u*s. What is the tens digit of (1 + 1 + 11)*(9 - s)?
1
Suppose 10*k + 2 - 22 = 0. Let l be 5/(-10) + 1/k + -1. What is the hundreds digit of (572/(-16))/(l/4)?
1
Let y = 516 + -516. Suppose y = 32*f - 33*f + 53. What is the units digit of f?
3
Let k(n) = -371*n - 3730. What is the units digit of k(-21)?
1
Let t be 32/(-12)*(94/(-4) + -2). Suppose t - 202 = -2*w. What is the units digit of w?
7
Let h(k) = 2*k - 17. Suppose -3*m + 16 = 2*q + m, -5*m = -5*q + 55. Let u be h(q). Suppose -u*y = -525 + 66. What is the units digit of y?
3
What is the units digit of 6/8*(-26668)/(-3)?
7
Suppose 0 = l - 10. Let c be -5 - 25/(5 - l). Let s(x) = -x + 271. What is the tens digit of s(c)?
7
What is the units digit of 4/9 - ((-1430422)/126 - 19)?
2
Let d(h) = 2*h + 22. Let k be d(-20). Let t be (-3)/k - 2/12. Suppose t = f + 5*u - 82, 3*u - 179 - 183 = -4*f. What is the tens digit of f?
9
Let t(z) = -2*z**2 + 143*z + 417. What is the hundreds digit of t(38)?
9
Let j = 48 - 43. Suppose -2*p = 5*w - 4 + 10, 4*w = j*p - 51. Suppose 0*m + 7 = p*m. What is the units digit of m?
1
Let l(c) = 50*c**3 + 6*c**2 - 50*c - 5. What is the hundreds digit of l(5)?
1
Let v = -15 - -21. Let i be 9/v + 417/2. Suppose -6*d + d = -i. What is the tens digit of d?
4
What is the ten thousands digit of 0 + (7 + 2)*2279?
2
Let d(n) be the first derivative of 2*n**3/3 + 10*n**2 - 189*n - 91. What is the tens digit of d(16)?
4
Suppose 9*m - 27 - 9 = 0. Let v(z) = -4 - 3*z + 9 + z + 3*z**3 - m*z**3. What is the units digit of v(-4)?
7
Let q(v) = -v**2 + 20*v - 13. Let u be q(19). What is the units digit of (1 - -1) + (4860/u)/3?
2
Let r(o) = o**2 + 5*o - 6. Let h be r(4). Let d = h + -24. Suppose -d*z = -497 + 119. What is the tens digit of z?
6
Let n = 15 - 16. What is the tens digit of 11 - 11 - n*549?
4
What is the units digit of (-16)/(-12)*-3 + (-4 - -2080)?
2
Suppose 5*f - 3*j + 513 = 0, 4*j - 3*j + 529 = -5*f. Let u = f - -90. Let g = 128 + u. What is the units digit of g?
3
Suppose 2*l - 2859 = 5*q, 2*l + 5*q = -3*l + 7095. What is the hundreds digit of l?
4
Let x(j) = j**3 - 10*j**2 + 43*j - 37. Let s(t) = -t**2 - 17*t - 35. Let v be s(-3). What is the units digit of x(v)?
7
Suppose -49*z + 550891 = -746580. What is the ten thousands digit of z?
2
What is the thousands digit of 15412/16*(-40)/(-5)?
7
Let o = -84 - -110. Let z = -95 - -196. Let s = z - o. What is the tens digit of s?
7
Suppose -334*i + 7688480 + 2791594 = -140*i. What is the units digit of i?
1
Let f(v) = v**2 - 7*v + 10. Let x be f(7). Suppose -4*l = -x*l. Suppose -4*q + l*q = -264. What is the tens digit of q?
6
Suppose 68*r - 104918 - 469402 = 28*r. What is the thousands digit of r?
4
Let c(s) be the third derivative of s**5/12 - s**4/6 + 10*s**3/3 + s**2. Suppose 35*q - 241 = 98*q + 137. What is the tens digit of c(q)?
2
Let k = 1263 + -1238. What is the units digit of k?
5
Suppose 3*f - f + 22 = 0. Let t(c) = -3*c - 31. Let x be t(f). What is the hundreds digit of ((-328